 Let i(b) = -2*h(b) + 5*k(b). Let d be i(-3). What is the greatest common factor of d and 25?
25
Let k(g) be the first derivative of g**2/2 - 13*g + 3. Let l be k(14). Let x be 27 - (l - 3/3). Calculate the highest common factor of 18 and x.
9
Let h(k) = -5*k - 4. Let u(z) = -z**3 - 7*z**2 - 4. Let v be u(-7). Let n be h(v). What is the greatest common divisor of n and 104?
8
Let w = -1676 - -1756. Calculate the highest common factor of w and 256.
16
Let v(d) = -6*d**3 + d + 2. Suppose 3*m = 3*q + 9, 3*q + 7 = -0*m + 2*m. Let y be v(q). Calculate the highest common factor of 28 and y.
7
Let i(j) = -j**2 - 12*j - 28. Let x be i(-9). Let a be 354/18 - x/3. Calculate the highest common factor of 10 and a.
10
Let f = -1206 - -2150. Calculate the greatest common factor of 118 and f.
118
Let a be (-3 - (-34)/14)/(34/(-119)). Let o(m) = 2*m + 5*m + 0*m + 2. Let y be o(a). What is the greatest common divisor of 64 and y?
16
Suppose 10*x - 175 = 5*x. Let i = -23 + x. Let o be i - (-2 + -3 + 7). Calculate the greatest common factor of 40 and o.
10
Suppose 10*p - 20 = 6*p. Suppose -2*z - 5*w + 103 = -0*z, -p*z + 2*w = -330. Calculate the greatest common factor of z and 8.
8
Suppose 29*t = -29*t + 696. Calculate the greatest common divisor of 60 and t.
12
Let o(w) = 2*w**2 - w - 2. Let r be o(3). Suppose -11*j + 246 + 674 = -653. Calculate the greatest common divisor of j and r.
13
Let r be (-2)/(-11) + (-1631)/77. Let p = 20 - 56. Let v = r - p. What is the highest common divisor of 135 and v?
15
Let u be (52/(-8) - -4)*28/(-35). Calculate the greatest common factor of u and 23.
1
Let l = 462 + -205. Suppose 2*j = l + 51. Suppose 3*x + j = 4*u, -4*u - 4*x = -3*u - 48. Calculate the greatest common factor of u and 5.
5
Let a be 57/(-171) - (-3)/(-9)*-433. Let h(j) = 2*j**2 + 8*j + 6. Let z be h(-5). Calculate the greatest common divisor of z and a.
16
Suppose 6 = 3*w + h - 5, -5*w - h + 21 = 0. Suppose 4*a = -4*v - 195 + 935, 0 = -3*a - w*v + 557. Calculate the highest common divisor of 23 and a.
23
Suppose 0 = -3*s - 4*u - 8, -3*s + 3*u = -0*s - 6. Suppose s*l + 157 = l + t, 3*t - 632 = -4*l. Calculate the highest common factor of l and 23.
23
Suppose -4*k + 4*t = -220, -3*t + 110 = 2*k + 2*t. Let d be (-300)/(-48) + 40/(-32). What is the greatest common divisor of d and k?
5
Suppose -4*l - 3*n = 3*l - 75, 2*l + 4*n = 34. Let x = 3 - 2. Calculate the highest common divisor of x and l.
1
Let o = -197 + 214. What is the greatest common divisor of 34 and o?
17
Suppose -2*d + 5*d + 6 = 0, 5*a + 2*d - 656 = 0. What is the greatest common divisor of 12 and a?
12
Let o = -194 + 110. Let r = o - -192. What is the highest common factor of 27 and r?
27
Suppose 75 = g + 3*s, 134 = 2*g + 10*s - 8*s. What is the highest common divisor of g and 147?
21
Suppose 0 = -5*g + 23 - 8. Suppose 0 = 5*n - 7*a + 2*a - 5, 0 = g*a - 15. Let c be ((-9)/4)/(4/(-32)). Calculate the greatest common factor of n and c.
6
Let b be 195/(-78)*(-58)/5. What is the highest common factor of b and 29?
29
Suppose -3*s + x = -59, 2*s + 3*x = s + 23. Let u(q) = 2 - 5*q**3 + 3*q**3 + q - 3*q**3 - 1. Let y be u(-1). What is the greatest common factor of y and s?
5
Suppose -5*b = -5*u + 100 - 30, 3*b = u - 14. Suppose -u = -8*l + 130. Calculate the greatest common factor of 18 and l.
18
Suppose -5*w + 23 = -7. Suppose 5*k + w = 16. Calculate the highest common factor of k and 10.
2
Let n(v) = -v**3 - 8*v**2 - 11*v - 6. Let t be n(-4). Let j = -19 - t. What is the greatest common factor of j and 63?
7
Let u(o) = 7*o + 48. Let k be u(1). What is the highest common divisor of k and 99?
11
Let j(d) = -7*d**2 + 2*d + 4. Let p be j(3). Let t = p + 81. What is the greatest common divisor of 196 and t?
28
Let g = -29 + 41. Suppose 26*s - 1112 = 448. What is the greatest common factor of s and g?
12
Let m(a) = -a**3 - 6*a**2 + a + 17. Let b be m(-6). What is the greatest common divisor of 11 and b?
11
Let k = 182 - -442. Calculate the highest common divisor of k and 48.
48
Let p(k) = 2*k**2 - 7*k - 34. Let o be p(19). Calculate the greatest common divisor of 15 and o.
15
Suppose -4*c - 220 = -2*s, -4*s + 4*c - 7*c + 385 = 0. Calculate the highest common factor of 60 and s.
20
Suppose 4*p - x - 303 = 0, 4*p + 127 - 436 = 3*x. Let m be (-9)/(0 + (-12)/40). Calculate the greatest common divisor of m and p.
15
Let u(p) = 11*p + 50 - 5*p + 12*p. Let l be u(11). What is the greatest common factor of l and 31?
31
Let f(q) = -q**3 - 11*q**2 + 10*q + 4. Let h be f(-9). Let j = 347 + h. Let w be -2 + 5 + 3/((-6)/(-16)). Calculate the greatest common factor of w and j.
11
Let t(r) = 10*r**3 + 2*r**2 - r. Let z be (2/7)/(2/7). Let j be t(z). Calculate the highest common factor of j and 44.
11
Let g(n) = n + 81. Let o be g(0). Suppose 30 = 3*w + 3. Calculate the highest common divisor of o and w.
9
Suppose 0 = -5*v + 3 - 8, x - 9 = 4*v. Let l = -1623 - -1638. What is the highest common factor of l and x?
5
Let x = 141 + -68. Suppose -h - 46 = -x. What is the highest common divisor of 243 and h?
27
Suppose 7*x = 9*x - 86. Suppose -3*y - 10 = -x. Let u be 8/2*(0 + y). What is the highest common factor of u and 4?
4
Let d(c) = 31*c - 21. Let s be d(3). Calculate the highest common divisor of s and 60.
12
Let m = -279 + 301. What is the greatest common factor of m and 308?
22
Suppose 0*s = 2*s. Suppose -3 = -w - s*w. Suppose 3*f - 32 = -5*c - 0, -6 = w*c. What is the highest common factor of 35 and f?
7
Suppose 5*l - 103 = -3*s + 13, -5*l + 122 = s. Let r = l + -16. Let d = r - 1. Calculate the greatest common divisor of d and 8.
8
Suppose 2*l - 10 = 2*x, 3*l = 2*l + 5*x - 3. Let o(y) = 4*y + y**3 + 5*y**2 - 48*y + 7*y + 20*y. Let f be o(-7). What is the greatest common factor of f and l?
7
Let z(b) = b**3 + 4*b**2 - 6*b + 6. Let s be z(3). Let l be -7 + s + 0 + 1. Suppose 5*n - 30 = l. What is the greatest common divisor of n and 15?
15
Suppose 0 = -5*p - 25, 0 = 8*l - 13*l - 5*p + 115. Calculate the highest common divisor of l and 35.
7
Let t(k) = -300*k - 742. Let b be t(-6). Calculate the highest common divisor of 23 and b.
23
Let r(z) = 11*z + 40. Let f be r(0). What is the greatest common divisor of 50 and f?
10
Suppose 143*m = 146*m - p - 3698, 2*m = -3*p + 2458. Calculate the highest common divisor of 77 and m.
77
Suppose 7 = -3*o + 25. Let x be (-2)/o - (-10)/3. Let g = x - 1. What is the highest common factor of 4 and g?
2
Let g be ((-1632)/(-120))/((-2)/(-5)). Calculate the highest common divisor of 272 and g.
34
Suppose 8*b + 16 = 9*b - v, 0 = 5*b + 3*v - 64. Let j be 126*(3*-1)/(-3). What is the highest common factor of j and b?
14
Let c be 574/6 - 15/(-45). What is the highest common factor of 1248 and c?
96
Suppose -24220 = -25*j + 11*j. What is the highest common divisor of 5 and j?
5
Let y = -307 - -321. Calculate the highest common factor of y and 420.
14
Let u be (-216)/20*35/(-14). Calculate the highest common divisor of 9 and u.
9
Let m(z) = z + 20. Let n be 20*(-48)/(-200) + (-2)/(-10). Let j be m(n). What is the greatest common factor of 225 and j?
25
Let d(g) = -g**2 - 20*g + 6. Let r(h) = -h**3 - 7*h**2 - 7*h - 3. Let a be r(-5). Let m be d(a). What is the greatest common divisor of 6 and m?
6
Let k(t) be the first derivative of -t**4/4 + 3*t**3 + 5*t**2 + 18*t - 12. Let j be k(10). What is the greatest common factor of j and 45?
9
Let p be 8/(-32) + 266/8. Suppose 4*g + j - 5*j - 64 = 0, -3*g + p = 2*j. Calculate the greatest common divisor of 91 and g.
13
Suppose -5*z + 303 = -5*p - 22, z = -4*p + 85. Let f be (16/28)/(2/161). Calculate the highest common factor of z and f.
23
Let l = -13999 - -14007. Let m = 23 - 43. Let z = m - -28. What is the greatest common divisor of l and z?
8
Suppose -5*v + 15 + 0 = 0. Suppose -v*t = 5*t - 840. Calculate the highest common factor of t and 42.
21
Let m(j) = -j - 6. Let q be m(-11). Suppose -q*i - 70 = -2*o, o - 90 = -o - 5*i. Calculate the greatest common factor of 16 and o.
8
Suppose -28*t + 5104 = 30*t. What is the greatest common factor of 1936 and t?
88
Suppose 3*y + 5*t = -17, 5 = -5*y - 2*t + 2. Let w be 63 - (-2)/y - -3. Suppose 6*p - 408 = -18*p. What is the highest common divisor of p and w?
17
Let m(f) = -f**2 + 5*f + 171. Let n be m(0). What